 be -4 - (-391208)/28 - 18/(-63). Let h = u + -7595. Is h a composite number?
False
Let m(p) = -p**3 + 8*p**2 - 6*p - 12. Let r be m(7). Is 418959/12 - (-11 - r)/(-24) prime?
True
Is (14052 - (1 - 1)) + (-337)/337 composite?
False
Suppose -289*f + 218*f = -22691671. Is f composite?
False
Suppose 0 = d - 4*m + 3*m - 3, -d - m = -1. Suppose 3*n - 1426 = d*l, 5*n - 5*l = -1529 + 3899. Is (-5)/5 - (1 + -3 - n) composite?
False
Let l = -107 + -253. Let p be 9786/14 + -5 + 1. Let j = l + p. Is j a prime number?
False
Let d be 1/(8/(-290226)) - (-2)/8. Let v be (-2)/6 - d/33. Suppose 3*w + 761 = -0*j + 2*j, 0 = -3*j - 4*w + v. Is j prime?
True
Let w(t) = -929*t - 191. Let i be w(-14). Is (4 - (-4 - -2)) + i prime?
True
Suppose 33 = -5*b - 42. Let x(s) be the first derivative of 5*s**3/3 - 8*s**2 + 2*s - 296. Is x(b) prime?
True
Suppose -58625 = -g + 3*k, -19*g = -14*g - 5*k - 293165. Is g composite?
True
Let i = -120764 - -71528. Let d = -29519 - i. Is d a prime number?
True
Let w(g) = 9758*g - 923. Is w(20) prime?
False
Let x = -26462 - -15359. Let d be 0/((-8)/2) - x. Suppose 11*o - 44488 + d = 0. Is o a prime number?
False
Suppose 0 = 4*k - 9*k - 60. Let i be 9/(81/42) + 8/k. Suppose 4*z = -6*r + 3*r + 181, -i*r + 248 = 4*z. Is r composite?
False
Let k(g) = -g**3 + 8*g**2 + 10*g - 10. Suppose -3*x + 37 = -5*q, -2*x - 6*q + 28 = -11*q. Let d be k(x). Is 2 + 0 + d + 646 a composite number?
False
Is 36/(-198) - ((-6569584)/55 + 4/(-20)) prime?
True
Suppose 34 = -2*z - 3*q + 89, -1 = q. Suppose 0 = -24*g - z + 21317. Is g composite?
False
Let m(b) = -b**3 + 2*b**2 + 6*b - 6. Let q be m(3). Suppose q*k = -3*u - 11182 + 37516, k = 4*u - 35117. Is u a composite number?
False
Suppose -930421 = -5*p - 0*w + 4*w, 3*p - 2*w = 558253. Is p a composite number?
True
Suppose -3*n + 12 - 1 = 2*h, -h + 18 = 4*n. Suppose 0 = 3*s - 3*a - a - 3, -n*s - 4*a - 27 = 0. Is -502*(9/6)/s a prime number?
True
Let h(b) = -b**2 + 11*b + 5. Let y be h(11). Suppose y*l - 32 = l + 3*g, 2*g = 4*l - 28. Is l/((8/44)/2) a composite number?
True
Suppose -7*l + 41772 = 4756. Suppose -1352 = -z - 5*y, -l = -4*z + 39*y - 35*y. Is z a composite number?
False
Let f be -6*(-12)/(-576) - (-41)/8. Suppose f*t - 3917 - 8688 = 0. Is t prime?
True
Let s be 13/4*(100 - -28). Suppose 2*o - s = -2*d, -3 = -0*d + d. Is o composite?
False
Let z(c) = 24*c - 91. Let i be z(4). Suppose -3*o + i*d - 4505 = -25088, -13722 = -2*o + d. Is o a prime number?
False
Suppose -4 = -2*m + 3*m. Let u(j) = -j**2 - j - 1. Let x(r) = -2*r**2 - 37*r + 14. Let w(f) = m*u(f) - x(f). Is w(12) prime?
False
Let g(m) = 141*m**2 - 4*m - 111. Let k be g(-15). Suppose -56791 = -13*o + k. Is o a composite number?
True
Let x(a) be the first derivative of -a**4/2 + 10*a**3/3 + 3*a**2 + 17*a - 79. Let w(y) = -3*y**2 + y + 1. Let k be w(2). Is x(k) prime?
False
Let s(o) = -4341*o + 2710. Is s(-113) a composite number?
False
Let x be 4/((2/10646)/((-2)/(-4))). Suppose -38956 + x = -10*d. Is d composite?
True
Let o be (-17)/((-1*(-3)/(-3))/1). Suppose o*d - 1190 = 3*d. Is d composite?
True
Let a = -552292 - -989511. Is a a prime number?
True
Let r(j) = 2*j**2 + 19 - 3*j**2 + 23 - j**3 - 43. Let n(g) = 6*g**3 + 6*g**2 + 10*g - 12. Let f(t) = -n(t) - 3*r(t). Is f(-7) a composite number?
False
Let w(l) = -6*l - 6 - 14*l**2 + 8*l + 2*l**3 + 10*l - l. Is w(9) composite?
True
Let m(k) = 162*k - 51. Let y(z) = 54*z - 17. Let s(t) = -2*m(t) + 7*y(t). Let j be s(-10). Is (j + 0)/((4 - 6)/2) a composite number?
False
Let o(p) be the second derivative of 89*p**3/2 - 4*p**2 - p - 44. Let q = -1 - -10. Is o(q) prime?
False
Suppose 32411 + 162763 = 21*w. Let v = w - -4927. Is v a composite number?
False
Suppose -2*x = -130*j + 135*j - 1391551, -3*j = -3*x - 834939. Is j composite?
True
Is 91/52 + (-16139739)/(-28) a composite number?
False
Suppose -214*u + 118*u - 13806128 = -112*u. Is u composite?
True
Suppose 5*z = v - 2878, -v - 2*z + 1463 + 1436 = 0. Suppose 219*c - 220*c + v = 0. Is c composite?
True
Let r = -5415 + 29. Let c = r + 11225. Is c composite?
False
Let m(q) = -8*q - 34. Let r be m(-5). Is ((-1364)/6)/(120/(-18) + r) a composite number?
True
Suppose -142*k + 82629392 = -2075272 - 5016190. Is k composite?
True
Is ((-10)/(-6) - 677433295/474)*10/(-25) a prime number?
True
Let p = 8274 + 22739. Is p prime?
True
Let p be ((-38)/(-5))/(23/1610). Suppose 0 = -4*q + 16 + p. Suppose 2*h = c - q, 2*c = 2*h - 5*h + 302. Is c composite?
True
Suppose -2*s + 211 = -79. Suppose 5*f = 2*k + 185, 0 = 2*k + f + 2*f + s. Is 5/1 - (k - -6) a prime number?
True
Suppose 80 = -5*o - 3*o. Suppose 0 = -y, -5*m + 3*y + 3445 = -2*y. Let g = o + m. Is g prime?
False
Suppose 2 = 3*b - 5*b. Let c be 371 - (b - -1) - 1*3. Is c/5 - (18/5 - 4) prime?
False
Suppose -181*g + 623 = q - 178*g, -2514 = -4*q - g. Is q a composite number?
True
Let j be 3*(28/6 + -4). Let c(s) = 37*s**2 + 8*s + 42. Let m be c(-4). Suppose j*g = r - 155, 0 = 2*r - 6*r + 2*g + m. Is r composite?
False
Is 86704 - 6/6*1 prime?
False
Is (155256/(-12) + -3)/(-2*3/102) a prime number?
False
Let i(p) = -76*p - 13. Let a(r) = r - r - 2 - 2*r + r. Let b be a(4). Is i(b) a prime number?
True
Let f = -322780 - -672917. Is f prime?
True
Let m = -1119 + 670. Let x = m + 906. Suppose -x + 2358 = b. Is b a composite number?
False
Let o(p) be the second derivative of 39*p**4/4 - 7*p**3/6 - 11*p**2/2 - p + 18. Is o(8) prime?
False
Suppose -3*d + 6378 = -4*d. Let z = 4223 + d. Let h = 938 - z. Is h a composite number?
True
Let p = -441180 + 641141. Is p composite?
False
Suppose -f + 2*q + 2873 + 24284 = 0, -15 = 3*q. Is f prime?
False
Let t be 2 + 93462/(-33) + 2/11. Let r = t + 5715. Let k = r - 1566. Is k prime?
True
Suppose 262*p - 17900868 = 47105786. Is p a composite number?
False
Is (-504697)/(-3) + (-5)/135*-18 a composite number?
True
Let d(s) = s**3 + 4*s**2 - 10*s - 37. Let h be d(-5). Is -13911*(4/h - 0) prime?
True
Let d = -2580 + 4647. Suppose 29*o - d - 1152 = 0. Is o prime?
False
Let d(l) = 515*l**2 + 26*l + 21. Let p = 235 - 239. Is d(p) prime?
False
Suppose r = 5*a + 47640, 6*a = 4*r + 4*a - 190506. Is (-195)/35 - -5 - r/(-7) a composite number?
False
Let t = -1748 - -396. Let a = -462 - t. Suppose -4*z - x = -3549, z - a = -2*x - x. Is z a composite number?
False
Suppose 4*s + 48263 = p, p + 19*s - 20*s - 48260 = 0. Is p a prime number?
True
Is ((-46381)/(-2))/(((-33)/(-44))/(6/4)) a composite number?
False
Is 3025*(-1573)/(-65) + 1 + 1 composite?
True
Suppose z - 6*z = 1600. Let r = z - 469. Is r/(-15) + 2/5 prime?
True
Let a be (-210)/21*4/(-10). Suppose -2*w + 4*w - a*o - 672 = 0, 5*o - 301 = -w. Is w a prime number?
False
Suppose -98226 = -2*l - 5*n, 2*l + 9*n = 14*n + 98186. Is l a prime number?
True
Suppose 0 = -3*t + 5*j - 42209315, 0 = 2*t - 5*j + 9*j + 28139514. Is ((-4)/10)/(82/t) a prime number?
True
Let a be (1 - 1)*(-19 - -20) + 2. Suppose -5*r - 5017 = -3*b - 986, -a*r + 5340 = 4*b. Is b a composite number?
True
Let b be (1 - -1) + 0 + 54. Let c = 9658 + -9665. Is 2/c - ((-141640)/b + 8) composite?
False
Let i = -331 - -334. Suppose 2*t + 90320 = 2*m, -i*m + 5*t - 28602 = -164084. Is m a prime number?
False
Suppose -5*a = 4*u - 16439, -3*u = -5*a + 9*a - 12330. Is u prime?
False
Let q be 3696 - (-15)/5*4/3. Suppose -13*t + 7844 = -q. Let k = t + -451. Is k a composite number?
True
Let d be (-2)/2 - 4/(32/(-40)). Suppose 3*f - d*t = 5529, f + 3*t - 1832 = 8*t. Is f composite?
False
Suppose 24260 = -4*g + 5*g. Suppose 4*d = 3*h + g, -2*d = -h + 6*h - 12104. Let z = 12361 - d. Is z composite?
False
Suppose h = -5*m - 1558, 4*h - 31*m + 35*m + 6280 = 0. Let s = 9480 + h. Is s prime?
True
Let f(d) = d**2 + 14*d + 16. Suppose 48 = -t - 3*t. Let w be f(t). Is (-2518)/(-6) + w/12 a composite number?
False
Let x be (-60)/9*(-45)/12. Suppose 4*g - 5*z = x, -4*g - 9 = -z - 46. Suppose -g*y - 893 = -4983. Is y a prime number?
True
Suppose -2*g + 75 - 67 = 0, -g = 5*v - 126839. Is v prime?
True
Let j = -321 - -326. Suppose 2*v = 5*s - 8653 - 6804, j*s = -v + 15454. Is s prime?
False
Let g(j) = -j - 1. Let c be g(-4). Let z(t) = t**2 + 7*t - 8. Let k be z(-8). Suppose k = -5*m + i + 3510, -3*i = c*m - i - 2093. Is m prime?
True
Let g be -18*(-6)/(180/5). Suppose -n = -g, -4*j + 3789